s 3666613 a composite number?
False
Is 79817 composite?
False
Is 746371 prime?
True
Is 119929 composite?
False
Is 1346 composite?
True
Is 2099 a prime number?
True
Is 17821 a composite number?
True
Is 95611 a composite number?
True
Is 857629 prime?
True
Is 1915 a prime number?
False
Is 12713 a prime number?
True
Is 91337 composite?
True
Is 1189849 composite?
True
Is 195009 composite?
True
Is 21977 a composite number?
False
Is 5581 composite?
False
Is 14761 composite?
True
Is 100407 prime?
False
Is 77 a composite number?
True
Is 174203 a composite number?
True
Is 29703 a composite number?
True
Is 26831 prime?
False
Is 46677 prime?
False
Is 3119611 a prime number?
False
Is 98939 a prime number?
True
Is 16619 a composite number?
False
Is 115 prime?
False
Is 412559 prime?
False
Is 340526 a prime number?
False
Is 77681 a prime number?
True
Is 27361 a composite number?
False
Is 1329371 a composite number?
False
Is 164127 a prime number?
False
Is 890231 prime?
True
Is 148331 a prime number?
True
Is 629 a composite number?
True
Is 210811 a composite number?
False
Is 527 prime?
False
Is 80057 composite?
True
Is 3049 composite?
False
Is 102118 a composite number?
True
Is 18463 composite?
True
Is 832913 composite?
False
Is 20465 a composite number?
True
Is 47501 a composite number?
False
Is 427 prime?
False
Is 306503 composite?
False
Is 62191 a composite number?
False
Is 123169 prime?
True
Is 91591 a composite number?
False
Is 1615573 a composite number?
True
Is 1084003 prime?
False
Is 662351 composite?
False
Is 11371153 a prime number?
True
Is 837359 composite?
False
Is 3567181 composite?
True
Is 12499 prime?
False
Is 352831 prime?
True
Is 18637 a composite number?
False
Is 84089 a prime number?
True
Is 127 a composite number?
False
Is 398903 composite?
False
Is 17011 a composite number?
False
Is 31601 composite?
False
Is 387433 prime?
True
Is 13613 a composite number?
False
Is 1378187 a composite number?
False
Is 208957 a prime number?
False
Is 36589 a prime number?
False
Is 41857 prime?
False
Is 11797 prime?
False
Is 2039 a prime number?
True
Is 71479 prime?
True
Is 259 a composite number?
True
Is 12451 a composite number?
False
Is 154643 a prime number?
True
Is 186451 a composite number?
False
Is 544097 a composite number?
False
Is 16649 a prime number?
True
Is 14765 composite?
True
Is 792039 a prime number?
False
Is 2777 a composite number?
False
Is 341669 prime?
False
Is 6029 a prime number?
True
Is 919 a composite number?
False
Is 231749 prime?
False
Is 326973 a prime number?
False
Is 124543 prime?
True
Is 5501 composite?
False
Is 90313 a composite number?
False
Is 22121 composite?
True
Is 444341 prime?
True
Is 318295 prime?
False
Is 379 a composite number?
False
Is 7717 composite?
False
Is 194777 a prime number?
False
Is 362521 prime?
True
Is 185023 a prime number?
False
Is 30993 a composite number?
True
Is 47653 a composite number?
False
Is 785 a composite number?
True
Is 4789 a prime number?
True
Is 80243 a prime number?
False
Is 21043 prime?
False
Is 10189 a prime number?
False
Is 752011 a composite number?
True
Is 42963 a prime number?
False
Is 44413 composite?
True
Is 478 composite?
True
Is 826031 composite?
True
Is 5059 a composite number?
False
Is 583 prime?
False
Is 224641 a prime number?
False
Is 988643 a prime number?
True
Is 2059133 composite?
False
Is 40259 prime?
False
Is 2467705 prime?
False
Is 2177 a prime number?
False
Is 132509 prime?
False
Is 324671 a prime number?
False
Is 26769 a composite number?
True
Is 933 prime?
False
Is 3226967 a composite number?
False
Is 11114 prime?
False
Is 388186 a prime number?
False
Is 53905 composite?
True
Is 28369 composite?
True
Is 1219 a prime number?
False
Is 1779 a composite number?
True
Is 15421 a composite number?
True
Is 539029 a composite number?
True
Is 28387 a prime number?
True
Is 1175199 prime?
False
Is 214205 a prime number?
False
Is 139217 a prime number?
False
Is 39547 composite?
True
Is 25297 prime?
False
Is 223 a prime number?
True
Is 162209 composite?
False
Is 1716799 composite?
True
Is 396413 composite?
False
Is 23189 composite?
False
Is 21451 prime?
False
Is 12247 prime?
False
Is 341083 a prime number?
True
Is 153619 composite?
True
Is 155139 composite?
True
Is 186097 composite?
False
Is 512137 composite?
False
Is 67331 composite?
True
Is 157223 composite?
True
Is 4559 prime?
False
Is 61291 a prime number?
True
Is 185713 prime?
False
Is 219831 a prime number?
False
Is 1751359 a composite number?
True
Is 453751 prime?
False
Is 26903 a composite number?
False
Is 103879 a prime number?
False
Is 12889 a composite number?
False
Is 269741 a prime number?
True
Is 631 a composite number?
False
Is 2591 a prime number?
True
Is 37577 composite?
True
Is 317857 a prime number?
True
Is 5223 prime?
False
Is 1406365 a composite number?
True
Is 3503 a prime number?
False
Is 33577 a prime number?
True
Is 5981 a composite number?
False
Is 26903 prime?
True
Is 5903 prime?
True
Is 10193 prime?
True
Is 571391 a composite number?
True
Is 149071 a composite number?
True
Is 42509 a prime number?
True
Is 907 a prime number?
True
Is 839957 a prime number?
True
Is 125569 prime?
False
Is 229583 composite?
False
Is 317197 a prime number?
True
Is 280181 prime?
False
Is 83689 prime?
True
Is 2976121 a prime number?
False
Is 2025371 composite?
True
Is 89035 a composite number?
True
Is 1973 prime?
True
Is 29863 a prime number?
True
Is 8063 a prime number?
False
Is 937 composite?
False
Is 650179 composite?
False
Is 244833 composite?
True
Is 27689 prime?
True
Is 2317 composite?
True
Is 293413 a composite number?
False
Is 141761 a prime number?
True
Is 64007 prime?
True
Is 12029 prime?
False
Is 6119 a prime number?
False
Is 689 prime?
False
Is 10661 a composite number?
True
Is 17965 composite?
True
Is 1345009 a composite number?
False
Is 11587 composite?
False
Is 962971 composite?
False
Is 144719 a prime number?
True
Is 13441 a prime number?
True
Is 12319 composite?
True
Is 17521 composite?
True
Is 149015 a composite number?
True
Is 744079 a composite number?
True
Is 1806307 composite?
True
Is 77761 prime?
True
Is 85843 a composite number?
False
Is 1537 prime?
False
Is 19853 prime?
True
Is 1373327 a prime number?
False
Is 2731559 prime?
True
Is 11533 prime?
False
Is 9977 a composite number?
True
Is 135703 a prime number?
False
Is 123601 composite?
False
Is 25889 prime?
True
Is 18391 a prime number?
False
Is 257 a prime number?
True
Is 672557 composite?
False
Is 25793 prime?
True
Is 1750807 composite?
False
Is 18097 a prime number?
True
Is 229237 prime?
True
Is 13479 a composite number?
True
Is 96227 a prime number?
False
Is 271727 composite?
True
Is 13649 composite?
False
Is 1091 a prime number?
True
Is 14281 prime?
True
Is 1901 a composite number?
False
Is 20681 prime?
True
Is 118087 a prime number?
False
Is 47557 a composite number?
True
Is 24227 prime?
False
Is 1313651 prime?
True
Is 37703 a composite number?
True
Is 28901 composite?
False
Is 1087 composite?
False
Is 10939 prime?
True
Is 1821323 prime?
False
Is 13813 composite?
True
Is 40399 prime?
False
Is 2579 a composite number?
False
Is 22877 a prime number?
True
Is 5905 a prime number?
False
Is 655093 a composite number?
True
Is 20639 composite?
False
Is 1581569 prime?
False
Is 71387 composite?
False
Is 598033 a prime number?
False
Is 5167 composite?
False
Is 5311 composite?
True
Is 69253 prime?
False
Is 7237 a prime number?
True
Is 16741 composite?
False
Is 10123 composite?
True
Is 6067 a prime number?
True
Is 879603 prime?
False
Is 3223 a composite number?
True
Is 293507 a composite number?
False
Is 19042 prime?
False
Is 5639 prime?
True
Is 36717 prime?
False
Is 20227 composite?
True
Is 38813 a prime number?
False
Is 220193 a composite number?
True
Is 44123 composite?
False
Is 2579 a prime number?
True
Is 709 composite?
False
Is 1119691 a prime number?
True
Is 83933 composite?
False
Is 8641 a composite number?
False
Is 11829 prime?
False
Is 4213 composite?
True
Is 977353 a prime number?
False
Is 111463 composite?
True
Is 167951 composite?
True
Is 111379 composite?
True
Is 576751 a prime number?
False
Is 383321 a prime number?
True
Is 378771 a composite number?
True
Is 11707 a composite number?
True
Is 2744491 a prime number?
True
Is 277759 a composi